*i + 60636. Is i a composite number?
True
Let z be ((-4)/(-20))/((-4)/(-10))*14. Let j(a) = a**3 + 8*a**2 - 7*a - 6. Let s be j(-8). Suppose w = -z + s. Is w composite?
False
Let p(b) = b**2 - 22*b - 21. Let m be p(23). Suppose -2*z - 1226 = -m*g, z + 903 = 3*g - 936. Is g composite?
False
Let c = -18 - -20. Let b = c - -4. Suppose 3*j = b*j - 249. Is j prime?
True
Suppose -3*f = -2*f - 2, 2*f - 4 = -g. Suppose g = 5*c + 90 + 845. Is c/(-3 - 8/(-4)) prime?
False
Let h(a) = a**2 - a - 2. Let k be h(-2). Let m(w) = -90*w + 6. Let i be m(k). Let o = i + 531. Is o prime?
False
Suppose -83*l + 37385 = 5*o - 88*l, 0 = o - 5*l - 7461. Is o prime?
True
Suppose 50259 = 3*x - g, -4*x + 50259 = -x + 3*g. Is x a composite number?
True
Let u(h) = -h**3 - 7*h**2 - 9*h + 12. Let r be u(-6). Suppose -5*g - 4*s + 159 = 0, -r = -2*g - s + 33. Is g a prime number?
True
Let u(a) = 607*a + 45. Is u(4) a composite number?
False
Let u(o) = o**2 + 5. Let x be u(0). Suppose 2*h + 2 = 0, 1673 = x*n - 3*n + 5*h. Is n a prime number?
True
Let r = -292 + -254. Let w = r + 1187. Is w a composite number?
False
Let y = -12645 - -17800. Is y a prime number?
False
Suppose 5*z - 4015955 = -78*z. Is z prime?
False
Suppose -16 = -2*o + x + 3*x, 3*x + 11 = o. Suppose -o*g + 8*g = -24. Is 2/1*(-898)/g a prime number?
True
Let g = -23 + 13. Let h be (-4)/(-10) - 6/g. Is (16/12 - h)*471 a prime number?
True
Is (29 - 4006)/(3 - 4) a prime number?
False
Is 35865/(-135)*(-3 - 0) prime?
True
Suppose -3*r + 3112 = 4*q, -21*r = 3*q - 16*r - 2334. Is q prime?
False
Suppose -92*c = 30*c - 11632090. Is c composite?
True
Let s(h) = 15*h**2 + 3*h + 14. Let t be s(5). Suppose -b + 6*b - 2047 = 2*k, 0 = b + 5*k - t. Is b prime?
True
Let s = -173 + 612. Let k(y) = 12*y**2 + 27*y - 9. Let b be k(7). Let j = b - s. Is j a composite number?
True
Let f(r) = 37*r**2 - 55*r - 5. Is f(12) prime?
True
Let o(p) be the third derivative of 11*p**5/60 - 13*p**4/24 + 17*p**3/6 + p**2. Suppose -27*t + 9 = -26*t. Is o(t) prime?
False
Suppose -4*h + 98 + 257 = 3*t, -2*h + 175 = -t. Suppose 4 = -y, 5*y = -u - 3*u + h. Suppose -113 = -3*q + 2*f, -q - 5*f + 3*f + u = 0. Is q a composite number?
True
Is 17/((2/642)/(2/6)) composite?
True
Suppose 2*y - 278 + 4 = 0. Suppose -252 - y = -u + 5*b, 853 = 2*u + 5*b. Let f = u + -259. Is f a composite number?
True
Suppose 3*q = -2*q. Suppose -4*k - 16 = q, 0*k + 2*k = -4*c. Is (c - -307 - -1) + 4 a composite number?
True
Let r = 138913 - 42312. Is r prime?
True
Suppose -3*p + 292 = -2*a + 902, 2*a = 2*p + 612. Let k = a - 97. Is k a composite number?
False
Let r = 77920 - 41453. Is r a composite number?
False
Suppose i - 5*f = -4*i + 17305, 3*i = -f + 10379. Suppose 8*c - i = 1588. Is c a prime number?
True
Let k(g) = -4*g**2 - 13*g - 9. Let v be k(-8). Let z = 2 - v. Is z composite?
False
Let g be (-1023)/6 - (-2)/(-4). Let i = -69 - g. Let r = 167 - i. Is r composite?
True
Let c(l) be the second derivative of -l**5/20 + l**4/3 + 5*l**3/6 - l**2/2 - 59*l. Let g = -10 + 14. Is c(g) a prime number?
True
Let i be (-6)/(-4)*(4 - 2). Let v(s) = 182*s**2 + s + 3. Let n be v(i). Suppose 2*g - n - 1318 = l, -7405 = -5*g - 3*l. Is g prime?
True
Let p be 32/(-6)*(2206/(-4) + 4). Suppose -535 = -5*d + p. Is d a prime number?
True
Let z = 96138 - 65951. Is z a prime number?
True
Let d(t) = -4358*t - 1. Is d(-1) composite?
False
Let v(b) = -367*b - 253. Is v(-6) composite?
False
Suppose f + 27221 - 70234 = 0. Is f a composite number?
False
Let z = -2 + 2. Let q = 37 - 35. Suppose z*n = -q*n + 148. Is n prime?
False
Suppose 3*f = 1049 + 904. Suppose 7*v - 4*v = f. Is v composite?
True
Let u(c) = c**2 + 7*c + 6. Let z be u(-7). Suppose -z*r - 4189 = -11425. Let h = 1859 - r. Is h a prime number?
True
Suppose 4*y + 0*y + 572 = 4*h, 0 = y - 5*h + 151. Suppose -4*d - 1130 = d - 2*k, 1095 = -5*d - 5*k. Let o = y - d. Is o a prime number?
True
Suppose -3*y - 3*v - 491 = -5*y, 0 = y + 4*v - 218. Suppose -5*i + 1227 = -y. Is i prime?
True
Let z be (-2)/(-15) - 355437/(-135). Let r = 5004 - z. Is r a composite number?
False
Let t = 18521 + -5626. Is t prime?
False
Suppose 1825 = -5*u + 3*q, q = 4*u - 2*q + 1460. Let s(h) = -273*h - 5. Let g be s(-3). Let c = g + u. Is c composite?
False
Suppose -5*t = -t. Suppose n - 3*n = -3*f + 6, -4*n + f + 8 = t. Suppose 177 = n*r - 72. Is r a composite number?
False
Suppose -3*n + 41*w = 45*w - 7449, n - 5*w - 2464 = 0. Is n a prime number?
False
Suppose 3*p - 675 = 1344. Is p composite?
False
Let o = -1 - -11. Let h(g) = 257*g - 37. Is h(o) composite?
True
Let d = -46578 - -65525. Is d a prime number?
True
Suppose 0 = -4*v - 3*s + 1, s = 5*v - 4*s - 10. Let p be (v - -22)/(4/8). Suppose -5*j + 3*j = -p. Is j prime?
True
Let c be (-827 - (2 + 2/2)) + 1. Let g be (-7868)/(-5) + 2/5. Let n = g + c. Is n a composite number?
True
Let a = -21075 - -74404. Is a a prime number?
False
Suppose 0 = -101*q + 110*q - 71271. Is q a prime number?
True
Let j(n) be the third derivative of n**5/15 + 3*n**4/8 - n**3 - 6*n**2. Is j(-9) a prime number?
False
Let y(x) = 36*x - 32 + 30*x - 3. Is y(5) a composite number?
True
Suppose -5*p - 5*a + 2600 = 0, 2*a + 294 = 3*p - 1291. Let n = p - -242. Is n a composite number?
True
Suppose q - 10041 = -2*p, -3*q - 23*p = -25*p - 30091. Is q prime?
False
Suppose 0 = 14*c - 16*c + 30. Is 1059/(-2)*5/(c/(-2)) prime?
True
Let c be (9*(-5)/30)/((-1)/2). Suppose -z = -4*z, 3*g - 6159 = -c*z. Is g composite?
False
Is 71574 + (-89 - -1)/8 a composite number?
False
Let f(x) = -843*x**3 - 9*x**2 - 16*x - 1. Is f(-2) a composite number?
True
Suppose -5*q = 12 - 37. Suppose 0 = 5*v + 5*o - 506 - 294, -v = -q*o - 178. Is v a composite number?
False
Let c(m) = 1. Let j(g) = -77*g + 9. Let n(x) = -3*c(x) - j(x). Is n(3) composite?
True
Let c be ((-64)/(-4))/(0 - 1). Let j = -16 - c. Suppose j = 3*g + 699 - 1710. Is g composite?
False
Let s = 977 - -289. Let b = 2401 - s. Is b composite?
True
Is (-12 + 636 + -11)/(1/1) composite?
False
Let n be ((-4)/(-6))/((-12)/(-90)). Suppose -10 = n*q, -g = g + 5*q + 10. Suppose g = -2*d + 5*d - 27. Is d a composite number?
True
Let k(p) = p**2 - 9*p + 6. Let s be k(10). Suppose -5*g = -3*y - 25, 5*y + 9 = -s. Suppose 0 = -g*f - 4*a + 154, -2*f + 3*a = f - 240. Is f a composite number?
False
Suppose 3*y + m = 11, -3*y + 7 = 8*m - 9*m. Suppose -4600 - 419 = -y*r. Is r composite?
True
Let w be (90/27)/((-2)/(-6)). Let z be 9984/w - 10/25. Is z/14 - 12/42 a prime number?
True
Suppose 0 = -4*n + 8*n - 12. Let c = n - 0. Suppose -1740 = -c*q + 381. Is q a prime number?
False
Suppose -3*d + 398 = -1147. Is d a prime number?
False
Let k(h) = 503*h - 1. Let i be k(-3). Is -4 - (-2)/2 - i a composite number?
True
Let o be (-60)/(-20) + -4*(-102)/4. Suppose 4*r - 2*d = 1028, r - 158 = -d + o. Is r composite?
True
Let l(s) = -17268*s + 277. Is l(-2) a composite number?
True
Let d(k) = k**3 + 4*k**2 - 2*k + 1. Let f be d(-4). Let i(a) = 3*a**2 - 31*a - 48. Let j(m) = -m**2 + 10*m + 17. Let g(v) = -6*i(v) - 17*j(v). Is g(f) prime?
False
Is -82 + 86 + 3*65 a composite number?
False
Let g(p) = p**2 - 2*p - 3. Let q be g(3). Suppose 4*o - 6*o + y = -2, q = 2*o + y - 6. Is (o/(-2))/(1/(-185)) a prime number?
False
Let y(z) = 9*z**3 - 9*z**2 + 2*z - 7. Let g be (-3)/4*144/(-54). Suppose -5*w + g*i = -31, 0 = w + w + 5*i - 24. Is y(w) a prime number?
False
Suppose 23 + 1 = -2*k - 5*w, -4 = -2*k + 2*w. Is k*((-6628)/8)/1 composite?
False
Let i(t) = -2*t**3 - 10*t**2 - 12*t - 33. Is i(-10) composite?
False
Let j = 18 - 2. Let z = 16 - j. Suppose z = -4*b + 9*b - 2905. Is b a composite number?
True
Let v be 21/7 + (2 - 1). Suppose -4*w - v*a = -12, -a = -3*w + 2*a - 9. Suppose 0*x - x - 2*g + 141 = w, 5*x - 733 = -3*g. Is x prime?
True
Suppose -81 = -3*o + 339. Suppose o = f + 3*v, 4*v = -5*f + 21 + 712. Is f a prime number?
True
Suppose 0 = -21*j + 19*j + 1360. Let q = 1347 - j. Is q a prime number?
False
Let o = -686 + 1040. Let y = o + -143. Is y a prime number?
True
Suppose -2*b + 6 - 26 = -4*r, -2*b - 17 = -3*r. Suppose r*d + 4953 = 6*d. Is d a prime number?
False
Let z(k) = -204*k**2 + 4*k + 3. Let n(l) = 612*l**2 - 12*l - 9. Let r(y) = -2*n(y) - 7*z(y). Is r(-2) prime?
True
Suppose 6*o - 155838 = 6552. Is o composite?
True
